 3*v(b). List the prime factors of s(-5).
3
Let j be (-13 - 1)*(-1)/2. Let i = 1 + j. What are the prime factors of i?
2
Let r(d) = -d**3 - 14*d**2 + 2*d - 38. List the prime factors of r(-15).
157
Let x(s) = 3*s - 1. Suppose 11 = g - 4*c, 3 = 3*g - c - 8. Suppose -2*h - 4*z = -0*h, 4*z + 10 = g*h. What are the prime factors of x(h)?
5
Suppose -2*s + 2*w = -0*s - 14, 0 = -3*s + w + 13. Let f(k) = -s - 3*k + k + 3*k. What are the prime factors of f(6)?
3
Let p(a) = -a**2 + 12*a - 5. Let m be p(10). Let l = m - 10. Suppose -5*o - l*b + 14 = -4*b, -8 = -2*o + 2*b. What are the prime factors of o?
3
Suppose 4*a - 79 = 209. Let z be (-1)/(-5) + a/40. List the prime factors of 2/(z + (-60)/33).
11
Let m(f) = -3*f**2 + f + 2. Let l(c) = -6*c**2 + 2*c + 3. Let r(h) = 3*l(h) - 7*m(h). What are the prime factors of r(-4)?
47
Let j = -2 - -5. Suppose j*q = 26 + 7. List the prime factors of q.
11
Let n(k) = -14*k**3 - k**2 + 1. Let a be n(-1). Let j be (-12)/a*1*-7. Suppose -3*q = -0*q - j. What are the prime factors of q?
2
Let c = 4 + 33. What are the prime factors of c?
37
Let b(z) be the third derivative of z**6/90 + z**4/12 - 2*z**3/3 - 2*z**2. Let t(h) be the first derivative of b(h). List the prime factors of t(-2).
2, 3
Suppose -9 = -3*l, l - 205 = -c - 4*l. List the prime factors of c.
2, 5, 19
Let i(z) = -4*z - 1. Let n be i(-4). Let s = -8 + n. What are the prime factors of s?
7
Suppose -3*i + 4*l + 29 = 3*l, -2*i - 9 = 5*l. What are the prime factors of i?
2
Suppose 406 = 7*x - 217. What are the prime factors of x?
89
Suppose z - 2*v + 0*v = -3, 9 = 2*z + v. Suppose -p + z*b - 4 = 0, 5*b - 23 = -3. List the prime factors of p.
2
Let h(p) = -6*p - 2. Let a be h(-3). Let l = 4 - a. What are the prime factors of (9/l)/(2/(-8))?
3
Let u = -12 + 14. Suppose -u*h = -0*h - 40. List the prime factors of h.
2, 5
Let c = -8 - -16. Let v(g) = g**2 + 3 + g**2 - c*g + 5*g**2 + 3*g**3 - 4*g**3. List the prime factors of v(5).
13
Let w = -347 + 491. What are the prime factors of w?
2, 3
List the prime factors of 254/6 + (-9)/27.
2, 3, 7
List the prime factors of 1 - (-9)/((-18)/(-88)).
3, 5
Let h = -15 + 26. List the prime factors of h.
11
Let v(b) = 4*b**2 + 1 - b + b**3 - b**3 + b**3. Let f be v(-4). Suppose -f - 2 = -i. What are the prime factors of i?
7
Let u(w) = w**3 - 6*w**2 - 8*w + 4. Suppose 2*i + 19 = k + 2*k, k - 3*i - 4 = 0. Let b be u(k). What are the prime factors of b/3*-13 + -1?
2, 3
List the prime factors of (-43)/(-2) - (-6)/(-12).
3, 7
Suppose 0*b = -3*b + 9. Let v = b - 3. Suppose v = -5*m + 13 + 22. What are the prime factors of m?
7
Let b(p) = 2*p - 3. Let o(z) = 2*z**3 - 3*z**2 + 2. Let l be o(2). Let w be b(l). Let a = w - 6. List the prime factors of a.
3
Let q be 68/6*(-45)/10. Let r = q + 80. What are the prime factors of r?
29
List the prime factors of (22/6)/(15/27)*25.
3, 5, 11
Suppose 3*v + 8*s - 389 = 4*s, 0 = -s - 1. What are the prime factors of v?
131
Suppose -2 = k + 4*y, 10 + 14 = 5*k + 3*y. Let f = k - 0. List the prime factors of f.
2, 3
Let y be (-172)/(-22) + 4/22. Let m(d) = -d**3 + 7*d**2 + 7*d + 10. List the prime factors of m(y).
2
Let f = 248 + -162. What are the prime factors of f?
2, 43
Let r be 2*-3*123/(-6). Suppose 4*m - 33 = r. List the prime factors of m.
3, 13
Let t = -1 + 69. List the prime factors of t.
2, 17
Let r = 65 - -108. List the prime factors of r.
173
Let r = 46 - -22. Let u = -27 + r. List the prime factors of u.
41
List the prime factors of (0 - (3 - 0)) + 41.
2, 19
Let h(o) = 2 + 6 - 4 + o**2 + 7. List the prime factors of h(0).
11
Suppose 131 = 7*s - 93. List the prime factors of s.
2
Let z be ((-6)/(-4))/((-1)/(-2)). Let c be 6/9 + 4/z. Suppose -4*q - 2*d = -16 - 22, 3*d = c*q + 1. List the prime factors of q.
7
Let c be ((-2)/(-2) - 6) + -2. Let g(f) = 2*f + 7. Let p be g(5). Let v = p - c. What are the prime factors of v?
2, 3
Let p(t) = -6*t - 3. Let s = 0 + -7. List the prime factors of p(s).
3, 13
Suppose -64*r + 62*r = -282. List the prime factors of r.
3, 47
Suppose 5*p - 9 = 1. Let f be ((-3)/(-9) - p)*15. Let l = -16 - f. What are the prime factors of l?
3
Let r = 3 - 3. Suppose 5*q = 5*n + 15, r*n = q - 3*n - 1. List the prime factors of q.
2
Suppose 0 = -a - 4*a - 105. Let l be (5 + -8)/((-3)/34). Let k = a + l. List the prime factors of k.
13
Let q = 3 + -4. Let j(l) = -33*l**3 - l - 1. List the prime factors of j(q).
3, 11
Suppose 6*w + 2 = 5*w. What are the prime factors of (w - 20/(-6))*9?
2, 3
Let t(h) = -h**2. Let j be t(0). Suppose j = -0*g + g + 4. List the prime factors of (-3 - -9)/((-6)/g).
2
Let v = 119 + -51. List the prime factors of v.
2, 17
Let v(a) = 2*a**3 + 2*a**2 - 2. Suppose -3 - 1 = -2*u. List the prime factors of v(u).
2, 11
Suppose z - y - 22 = -0*y, -101 = -3*z - 4*y. What are the prime factors of z?
3
Suppose -4*d + 796 = 8*z - 3*z, 4*d - 768 = 2*z. What are the prime factors of d?
2, 97
Let s = 8 - 4. Suppose -3*l - 103 = s*w - 32, 0 = -l - 2*w - 23. What are the prime factors of 2/(-4) - l/2?
2, 3
Suppose 157 = -v + 2*v + 5*l, 5*v + 5*l = 885. Suppose 35 = z + w, -5*z + 5*w + v = 3*w. List the prime factors of z.
2, 3
Suppose 0 = 2*n - 5*j + 67 + 32, 2*n + 4*j + 72 = 0. Let v be (-2)/7 + (-852)/n. Suppose 0 = 4*f - v, -2*f + 60 = 5*b + f. What are the prime factors of b?
3
Let u = -72 - -225. What are the prime factors of u?
3, 17
What are the prime factors of (1/2 - 2)*-62?
3, 31
Suppose 216 = -3*p - 0*p. List the prime factors of p/(4 + -1)*-1.
2, 3
Let q(n) = n**2 - 8*n + 13. Let m be q(9). Let a = 35 - m. What are the prime factors of a?
13
Suppose -2*b - 160 = 3*b. Let g = 70 + b. List the prime factors of g.
2, 19
Suppose -o + 540 = 4*o. Suppose o = -3*v + 7*v. Suppose 9 + v = 4*h. List the prime factors of h.
3
Let x be (0 - -4)/(-1 - -3). Suppose -x*i + 32 = 2*i. List the prime factors of i.
2
Suppose 2*y + 4 = 82. List the prime factors of y.
3, 13
List the prime factors of -1 + 34/9 - 12/(-54).
3
Let i = 310 + -220. List the prime factors of i.
2, 3, 5
Let h(l) = -l**2 + 4*l - 1. Let q be h(4). What are the prime factors of (2 - q) + (-3 - -29)?
29
Let p = 9 + -4. Suppose -125 = 3*h - h - s, -3*h - 194 = p*s. What are the prime factors of 1/(-5) - h/15?
2
Let x = 681 - 402. What are the prime factors of x?
3, 31
Suppose 0*i + 11 = -i. Let j = 72 + i. What are the prime factors of 2/7 + j/7?
3
Let b = 146 + -104. List the prime factors of b.
2, 3, 7
Let z(u) = u**3 - u**2 + 4. Let i be z(0). Let b be 3 + 2*(-3 - -5). Let c = b - i. List the prime factors of c.
3
Let r(z) = -z**2 + 4*z - 3. Let m be r(3). Let i = m - -4. List the prime factors of i.
2
Suppose 2*i - 9 = -i. Suppose 4*r = 0, i*r + 99 - 27 = 4*s. List the prime factors of s.
2, 3
What are the prime factors of 1/(-3) - (470/(-6) - 3)?
3
Suppose 4*n = 83 + 97. List the prime factors of n.
3, 5
Suppose -81*f + 84*f - 531 = 0. What are the prime factors of f?
3, 59
List the prime factors of ((-1428)/16)/(6/(-16)).
2, 7, 17
Suppose v + 9 = 3*o + 1, 3*v + 8 = o. Let n be -5*(18/(-15) - o). Suppose -n = -4*s - 3*k, k = 2*k. List the prime factors of s.
2
Let g = 1 + 2. Let l = g + 5. List the prime factors of l.
2
Let u(l) be the second derivative of -l**3/3 - l**2 + 2*l. Let d = 4 + -7. List the prime factors of u(d).
2
Let n(t) = t**3 + 7*t**2 + 6*t + 5. Let q be 4 - (-2 + 2 + 0). Suppose q*s - 6 = 5*s. List the prime factors of n(s).
5
Suppose -2*o + 139 = 5*p, 3*o - 186 = 2*p - 5*p. What are the prime factors of o?
3, 19
Let r(w) = -w**3 - 4*w**2 + 4*w + 4. Suppose 3*z + 5*n = -28, z = 7*n - 2*n + 4. Let u = 1 + z. What are the prime factors of r(u)?
3
Suppose 0 = -w + 3, -4*m + 35 = 5*w. List the prime factors of m.
5
Let d(x) = 2*x - 3*x + x**3 - 2*x**3 - 2*x + 2 - 4*x**2. What are the prime factors of d(-3)?
2
Suppose 4*k - 19 - 17 = 4*p, 2*k = p + 14. Suppose -j + 5 = -k. What are the prime factors of j?
2, 5
Suppose 0 = -4*i - f + 158, 2*i - 85 = -4*f + 1. List the prime factors of i.
3, 13
What are the prime factors of (-286)/(-12) + 4/24?
2, 3
Suppose j = 4*j - 63. Let p = 32 - j. What are the prime factors of p?
11
Let u = 48 - 22. List the prime factors of u.
2, 13
Let a = 0 - 1. Let j = a - -5. List the prime factors of (-3 + 5)/(j/18).
3
Let x be 3 + -1 + 72 + 2. Sup